{"id":336,"date":"2015-08-04T14:14:04","date_gmt":"2015-08-04T14:14:04","guid":{"rendered":"http:\/\/www.sincovarsj.org.br\/?page_id=336"},"modified":"2026-01-07T09:22:39","modified_gmt":"2026-01-07T12:22:39","slug":"diretoria","status":"publish","type":"page","link":"https:\/\/www.sincovarsj.org.br\/?page_id=336","title":{"rendered":"Diretoria"},"content":{"rendered":"<p style=\"text-align: center;\"><b><br \/>\nDIRETORIA EXECUTIVA 2022-2025<\/b><\/p>\n<p style=\"text-align: center;\"><strong>DIRETORIA<\/strong><\/p>\n<p style=\"text-align: center;\"><em>Presidente:\u00a0<\/em><strong>Roberto Alexandre Carmes<\/strong><\/p>\n<p style=\"text-align: center;\"><em>Vice-presidente:\u00a0<\/em><strong>Roberto Paiva<\/strong><\/p>\n<p style=\"text-align: center;\"><em>Diretor secret\u00e1rio: <\/em><strong>J\u00falio Cesar Guimar\u00e3es<\/strong><\/p>\n<p style=\"text-align: center;\"><em>Diretor financeiro:\u00a0<\/em><strong>Cintia Pieri<\/strong><\/p>\n<p style=\"text-align: center;\"><em>Diretor de rela\u00e7\u00f5es sindicais: <\/em><strong>Jorge Rechia Guarezi<\/strong><\/p>\n<p style=\"text-align: center;\"><strong>CONSELHO FISCAL<\/strong><\/p>\n<p style=\"text-align: center;\"><em>Efetivo: <\/em><b>Adriano Grandi<\/b><\/p>\n<p style=\"text-align: center;\"><em>Efetivo: <\/em><strong>Aline Spillere<\/strong><\/p>\n<p style=\"text-align: center;\"><em>Efetivo: <\/em><strong>Ewerton Alves<\/strong><\/p>\n<p style=\"text-align: center;\"><em>Suplente: <\/em><strong>Eimili Pereira<\/strong><\/p>\n<p style=\"text-align: center;\"><em>Suplente: <\/em><strong>J\u00falio Cesar Guimar\u00e3es<\/strong><\/p>\n<p style=\"text-align: center;\"><em>Suplente: <\/em><strong>Sabrina de Faria Martins<\/strong><\/p>\n","protected":false},"excerpt":{"rendered":"<p>DIRETORIA EXECUTIVA 2022-2025 DIRETORIA Presidente:\u00a0Roberto Alexandre Carmes Vice-presidente:\u00a0Roberto Paiva Diretor secret\u00e1rio: J\u00falio Cesar Guimar\u00e3es Diretor financeiro:\u00a0Cintia Pieri Diretor de rela\u00e7\u00f5es sindicais: Jorge Rechia Guarezi CONSELHO FISCAL Efetivo: Adriano Grandi Efetivo: Aline Spillere Efetivo: Ewerton Alves Suplente: Eimili Pereira Suplente: J\u00falio Cesar Guimar\u00e3es Suplente: Sabrina de Faria Martins<\/p>\n","protected":false},"author":3,"featured_media":0,"parent":0,"menu_order":0,"comment_status":"open","ping_status":"open","template":"full-width.php","meta":[],"_links":{"self":[{"href":"https:\/\/www.sincovarsj.org.br\/index.php?rest_route=\/wp\/v2\/pages\/336"}],"collection":[{"href":"https:\/\/www.sincovarsj.org.br\/index.php?rest_route=\/wp\/v2\/pages"}],"about":[{"href":"https:\/\/www.sincovarsj.org.br\/index.php?rest_route=\/wp\/v2\/types\/page"}],"author":[{"embeddable":true,"href":"https:\/\/www.sincovarsj.org.br\/index.php?rest_route=\/wp\/v2\/users\/3"}],"replies":[{"embeddable":true,"href":"https:\/\/www.sincovarsj.org.br\/index.php?rest_route=%2Fwp%2Fv2%2Fcomments&post=336"}],"version-history":[{"count":16,"href":"https:\/\/www.sincovarsj.org.br\/index.php?rest_route=\/wp\/v2\/pages\/336\/revisions"}],"predecessor-version":[{"id":1836,"href":"https:\/\/www.sincovarsj.org.br\/index.php?rest_route=\/wp\/v2\/pages\/336\/revisions\/1836"}],"wp:attachment":[{"href":"https:\/\/www.sincovarsj.org.br\/index.php?rest_route=%2Fwp%2Fv2%2Fmedia&parent=336"}],"curies":[{"name":"wp","href":"https:\/\/api.w.org\/{rel}","templated":true}]}}