{"id":399,"date":"2016-05-19T16:59:38","date_gmt":"2016-05-19T19:59:38","guid":{"rendered":"http:\/\/www.sincovarsj.org.br\/?page_id=399"},"modified":"2020-10-08T10:20:47","modified_gmt":"2020-10-08T13:20:47","slug":"convencao-coletiva","status":"publish","type":"page","link":"https:\/\/www.sincovarsj.org.br\/?page_id=399","title":{"rendered":"Conven\u00e7\u00e3o Coletiva"},"content":{"rendered":"<p>2020-2021<\/p>\n<ul>\n<li><a href=\"http:\/\/www.sincovarsj.org.br\/wp-content\/uploads\/2020\/10\/CCT-\u2013-Farm\u00e1cias-e-Termo-Aditivo-Feriados-2020-2021_compressed.pdf\">CCT &#8211; Farm\u00e1cias e Termo Aditivo &#8211; Feriados 2020-2021<\/a><\/li>\n<\/ul>\n<ul>\n<li><a href=\"http:\/\/www.sincovarsj.org.br\/wp-content\/uploads\/2020\/10\/CCT-Pe\u00e7as-Acess\u00f3rios-e-Revenda-de-Ve\u00edculos-e-Termo-Aditivo-Feriados-2020-2021-2020-2021.pdf\">CCT &#8211; Pe\u00e7as, acess\u00f3rios e revenda de ve\u00edculos e Termo Aditivo -Feriados 2020-2021<\/a><\/li>\n<li><a href=\"http:\/\/www.sincovarsj.org.br\/wp-content\/uploads\/2020\/10\/CCT-Varejista-e-\u00d3tico-e-Termo-Aditivo-Feriados-2020-2021.pdf\">CCT &#8211; Varejista e \u00d3tico e Termo Aditivo Feriados 2020-2021<\/a><\/li>\n<\/ul>\n<p>2019-2020<\/p>\n<ul>\n<li><a href=\"http:\/\/www.sincovarsj.org.br\/wp-content\/uploads\/2019\/12\/Farm\u00e1cias-2019-2020.pdf\">CCT &#8211; Farm\u00e1cias 2019-2020<\/a><\/li>\n<li><a href=\"http:\/\/www.sincovarsj.org.br\/wp-content\/uploads\/2019\/11\/Pecas-Sao-Jose-2019-2020-compactado.pdf\">CCT &#8211; Pe\u00e7as, acess\u00f3rios e revendas de ve\u00edculos 2019-2020<\/a><\/li>\n<\/ul>\n<ul>\n<li><a href=\"http:\/\/www.sincovarsj.org.br\/wp-content\/uploads\/2019\/10\/CCT_-2019-2020-SINCOVAR-SJ.pdf\">CCT &#8211; Varejista e Oticas 2019-2020<\/a><\/li>\n<li><a href=\"http:\/\/www.sincovarsj.org.br\/wp-content\/uploads\/2020\/04\/Termo-Aditivo-MP-936-FARMACIAS.pdf\">Termo aditivo MP 936 Farm\u00e1cias<\/a><\/li>\n<li><a href=\"http:\/\/www.sincovarsj.org.br\/wp-content\/uploads\/2020\/04\/Termo-Aditivo-MP-936-PE\u00c7AS.pdf\">Termo aditivo MP 936 Pe\u00e7as, acess\u00f3rios e revendas de ve\u00edculos<\/a><\/li>\n<li><a href=\"http:\/\/www.sincovarsj.org.br\/wp-content\/uploads\/2020\/04\/Termo-Aditivo-MP-936-LOJAS-e-\u00d3TIOCAS.pdf\">Termo aditivo MP 936 Varejista e \u00d3ticas<\/a><\/li>\n<li><a href=\"http:\/\/www.sincovarsj.org.br\/wp-content\/uploads\/2020\/04\/Termo-Aditivo-Comercio-Varejista-.pdf\">Termo Aditivo Comercio Varejista &#8211; Feriado 1 de maio<\/a><\/li>\n<li><a href=\"http:\/\/www.sincovarsj.org.br\/wp-content\/uploads\/2020\/04\/Termo-Aditivo-Farmacias.pdf\">Termo Aditivo Farm\u00e1cias &#8211; Feriado 1 de maio <\/a><\/li>\n<\/ul>\n<p>2018-2019<\/p>\n<ul>\n<li><a href=\"http:\/\/www.sincovarsj.org.br\/wp-content\/uploads\/2016\/05\/CCT-\u2013-Farm\u00e1cias-2018-2019.pdf\">CCT &#8211; Farm\u00e1cias 2018-2019<\/a><\/li>\n<li><a href=\"http:\/\/www.sincovarsj.org.br\/wp-content\/uploads\/2016\/05\/CCT-\u2013-Pe\u00e7as-acess\u00f3rios-e-revendas-de-ve\u00edculos-2018-2019.pdf\">CCT &#8211; Pe\u00e7as, acess\u00f3rios e revendas de ve\u00edculos 2018-2019<\/a><\/li>\n<li><a href=\"http:\/\/www.sincovarsj.org.br\/wp-content\/uploads\/2016\/05\/CCT-\u2013-Varejista-e-\u00d3ticas-2018-2019.pdf\">CCT &#8211; Varejista e \u00d3ticas 2018-2019<\/a><\/li>\n<\/ul>\n<p>2017-2018<\/p>\n<ul>\n<li><a href=\"http:\/\/www.sincovarsj.org.br\/wp-content\/uploads\/2017\/11\/Farm\u00e1cias-2017-2018.pdf\">CCT &#8211; Farm\u00e1cias 2017-2018<\/a><\/li>\n<li><a href=\"http:\/\/www.sincovarsj.org.br\/wp-content\/uploads\/2017\/11\/Pe\u00e7as-acess\u00f3rios-e-revenda-de-ve\u00edculos-2017-2018-Legal.pdf\">CCT &#8211; Pe\u00e7as, acess\u00f3rios e revendas de ve\u00edculos 2017-2018<\/a><\/li>\n<li><a href=\"http:\/\/www.sincovarsj.org.br\/wp-content\/uploads\/2017\/11\/Varejista-e-Oticos-2017-2018-Legal.pdf\">CCT &#8211; Varejista e \u00d3ticas 2017-2018<\/a><\/li>\n<\/ul>\n","protected":false},"excerpt":{"rendered":"<p>2020-2021 CCT &#8211; Farm\u00e1cias e Termo Aditivo &#8211; Feriados 2020-2021 CCT &#8211; Pe\u00e7as, acess\u00f3rios e revenda de ve\u00edculos e Termo Aditivo -Feriados 2020-2021 CCT &#8211; Varejista e \u00d3tico e Termo Aditivo Feriados 2020-2021 2019-2020 CCT &#8211; Farm\u00e1cias 2019-2020 CCT &#8211; Pe\u00e7as, acess\u00f3rios e revendas de ve\u00edculos 2019-2020 CCT &#8211; Varejista e Oticas 2019-2020 Termo aditivo &#8230;<\/p>\n","protected":false},"author":3,"featured_media":0,"parent":0,"menu_order":0,"comment_status":"open","ping_status":"open","template":"full-width.php","meta":[],"_links":{"self":[{"href":"https:\/\/www.sincovarsj.org.br\/index.php?rest_route=\/wp\/v2\/pages\/399"}],"collection":[{"href":"https:\/\/www.sincovarsj.org.br\/index.php?rest_route=\/wp\/v2\/pages"}],"about":[{"href":"https:\/\/www.sincovarsj.org.br\/index.php?rest_route=\/wp\/v2\/types\/page"}],"author":[{"embeddable":true,"href":"https:\/\/www.sincovarsj.org.br\/index.php?rest_route=\/wp\/v2\/users\/3"}],"replies":[{"embeddable":true,"href":"https:\/\/www.sincovarsj.org.br\/index.php?rest_route=%2Fwp%2Fv2%2Fcomments&post=399"}],"version-history":[{"count":40,"href":"https:\/\/www.sincovarsj.org.br\/index.php?rest_route=\/wp\/v2\/pages\/399\/revisions"}],"predecessor-version":[{"id":1463,"href":"https:\/\/www.sincovarsj.org.br\/index.php?rest_route=\/wp\/v2\/pages\/399\/revisions\/1463"}],"wp:attachment":[{"href":"https:\/\/www.sincovarsj.org.br\/index.php?rest_route=%2Fwp%2Fv2%2Fmedia&parent=399"}],"curies":[{"name":"wp","href":"https:\/\/api.w.org\/{rel}","templated":true}]}}